{"id":7920,"date":"2018-05-28T08:19:03","date_gmt":"2018-05-28T12:19:03","guid":{"rendered":"https:\/\/www.atscontainers.com\/products\/accessories\/vents\/"},"modified":"2026-03-30T11:42:24","modified_gmt":"2026-03-30T15:42:24","slug":"ventilation-conteneur-maritime","status":"publish","type":"page","link":"https:\/\/www.atscontainers.com\/fr\/produits\/accessoires\/ventilation-conteneur-maritime\/","title":{"rendered":"Ventilation"},"content":{"rendered":"<p>Les \u00e9vents du conteneur sont utilis\u00e9s pour augmenter le flux d\u2019air \u00e0 l\u2019int\u00e9rieur, ce qui peut r\u00e9duire la chaleur, l\u2019humidit\u00e9 et la condensation potentielle. Les \u00e9vents Insta peuvent \u00eatre install\u00e9s sur toutes les tailles de conteneurs.<\/p>\n","protected":false},"excerpt":{"rendered":"<p>Les \u00e9vents du conteneur sont utilis\u00e9s pour augmenter le flux d\u2019air \u00e0 l\u2019int\u00e9rieur, ce qui peut r\u00e9duire la chaleur, l\u2019humidit\u00e9 et la condensation potentielle. Les \u00e9vents Insta peuvent \u00eatre install\u00e9s sur toutes les tailles de conteneurs.<\/p>\n","protected":false},"author":13,"featured_media":5454,"parent":7613,"menu_order":0,"comment_status":"closed","ping_status":"closed","template":"page-fc.php","meta":{"_acf_changed":false,"ngg_post_thumbnail":0,"footnotes":""},"class_list":["post-7920","page","type-page","status-publish","has-post-thumbnail","hentry"],"acf":[],"yoast_head":"<!-- This site is optimized with the Yoast SEO plugin v26.9 - https:\/\/yoast.com\/product\/yoast-seo-wordpress\/ -->\n<title>Ventilation pour Conteneur Maritime - Event Insta | ATS Conteneurs<\/title>\n<meta name=\"description\" content=\"R\u00e9duisez la chaleur, l\u2019humidit\u00e9 et la condensation \u00e0 l\u2019int\u00e9rieur de vos conteneurs maritimes gr\u00e2ce \u00e0 nos \u00e9vents de ventilation con\u00e7us pour les environnements exigeants.\" \/>\n<meta name=\"robots\" content=\"index, follow, max-snippet:-1, max-image-preview:large, max-video-preview:-1\" \/>\n<link rel=\"canonical\" href=\"https:\/\/www.atscontainers.com\/fr\/produits\/accessoires\/ventilation-conteneur-maritime\/\" \/>\n<meta property=\"og:locale\" content=\"fr_CA\" \/>\n<meta property=\"og:type\" content=\"article\" \/>\n<meta property=\"og:title\" content=\"Ventilation pour Conteneur Maritime - Event Insta | ATS Conteneurs\" \/>\n<meta property=\"og:description\" content=\"R\u00e9duisez la chaleur, l\u2019humidit\u00e9 et la condensation \u00e0 l\u2019int\u00e9rieur de vos conteneurs maritimes gr\u00e2ce \u00e0 nos \u00e9vents de ventilation con\u00e7us pour les environnements exigeants.\" \/>\n<meta property=\"og:url\" content=\"https:\/\/www.atscontainers.com\/fr\/produits\/accessoires\/ventilation-conteneur-maritime\/\" \/>\n<meta property=\"og:site_name\" content=\"ATS Containers\" \/>\n<meta property=\"article:publisher\" content=\"https:\/\/www.facebook.com\/atscontainers\/\" \/>\n<meta property=\"article:modified_time\" content=\"2026-03-30T15:42:24+00:00\" \/>\n<meta property=\"og:image\" content=\"https:\/\/www.atscontainers.com\/wp-content\/uploads\/2018\/05\/Ventilation-2.jpeg\" \/>\n\t<meta property=\"og:image:width\" content=\"768\" \/>\n\t<meta property=\"og:image:height\" content=\"514\" \/>\n\t<meta property=\"og:image:type\" content=\"image\/jpeg\" \/>\n<meta name=\"twitter:card\" content=\"summary_large_image\" \/>\n<meta name=\"twitter:site\" content=\"@atscontainers\" \/>\n<meta name=\"twitter:label1\" content=\"Estimation du temps de lecture\" \/>\n\t<meta name=\"twitter:data1\" content=\"1 minute\" \/>\n<script type=\"application\/ld+json\" class=\"yoast-schema-graph\">{\"@context\":\"https:\/\/schema.org\",\"@graph\":[{\"@type\":\"WebPage\",\"@id\":\"https:\/\/www.atscontainers.com\/fr\/produits\/accessoires\/ventilation-conteneur-maritime\/\",\"url\":\"https:\/\/www.atscontainers.com\/fr\/produits\/accessoires\/ventilation-conteneur-maritime\/\",\"name\":\"Ventilation pour Conteneur Maritime - Event Insta | ATS Conteneurs\",\"isPartOf\":{\"@id\":\"https:\/\/www.atscontainers.com\/fr\/#website\"},\"primaryImageOfPage\":{\"@id\":\"https:\/\/www.atscontainers.com\/fr\/produits\/accessoires\/ventilation-conteneur-maritime\/#primaryimage\"},\"image\":{\"@id\":\"https:\/\/www.atscontainers.com\/fr\/produits\/accessoires\/ventilation-conteneur-maritime\/#primaryimage\"},\"thumbnailUrl\":\"https:\/\/www.atscontainers.com\/wp-content\/uploads\/2018\/05\/Ventilation-2.jpeg\",\"datePublished\":\"2018-05-28T12:19:03+00:00\",\"dateModified\":\"2026-03-30T15:42:24+00:00\",\"description\":\"R\u00e9duisez la chaleur, l\u2019humidit\u00e9 et la condensation \u00e0 l\u2019int\u00e9rieur de vos conteneurs maritimes gr\u00e2ce \u00e0 nos \u00e9vents de ventilation con\u00e7us pour les environnements exigeants.\",\"breadcrumb\":{\"@id\":\"https:\/\/www.atscontainers.com\/fr\/produits\/accessoires\/ventilation-conteneur-maritime\/#breadcrumb\"},\"inLanguage\":\"fr-CA\",\"potentialAction\":[{\"@type\":\"ReadAction\",\"target\":[\"https:\/\/www.atscontainers.com\/fr\/produits\/accessoires\/ventilation-conteneur-maritime\/\"]}]},{\"@type\":\"ImageObject\",\"inLanguage\":\"fr-CA\",\"@id\":\"https:\/\/www.atscontainers.com\/fr\/produits\/accessoires\/ventilation-conteneur-maritime\/#primaryimage\",\"url\":\"https:\/\/www.atscontainers.com\/wp-content\/uploads\/2018\/05\/Ventilation-2.jpeg\",\"contentUrl\":\"https:\/\/www.atscontainers.com\/wp-content\/uploads\/2018\/05\/Ventilation-2.jpeg\",\"width\":768,\"height\":514},{\"@type\":\"BreadcrumbList\",\"@id\":\"https:\/\/www.atscontainers.com\/fr\/produits\/accessoires\/ventilation-conteneur-maritime\/#breadcrumb\",\"itemListElement\":[{\"@type\":\"ListItem\",\"position\":1,\"name\":\"Home\",\"item\":\"https:\/\/www.atscontainers.com\/fr\/\"},{\"@type\":\"ListItem\",\"position\":2,\"name\":\"Conteneurs \u00e0 Vendre\",\"item\":\"https:\/\/www.atscontainers.com\/fr\/produits\/\"},{\"@type\":\"ListItem\",\"position\":3,\"name\":\"Accessoires\",\"item\":\"https:\/\/www.atscontainers.com\/fr\/produits\/accessoires\/\"},{\"@type\":\"ListItem\",\"position\":4,\"name\":\"Ventilation\"}]},{\"@type\":\"WebSite\",\"@id\":\"https:\/\/www.atscontainers.com\/fr\/#website\",\"url\":\"https:\/\/www.atscontainers.com\/fr\/\",\"name\":\"ATS Containers\",\"description\":\"\",\"publisher\":{\"@id\":\"https:\/\/www.atscontainers.com\/fr\/#organization\"},\"potentialAction\":[{\"@type\":\"SearchAction\",\"target\":{\"@type\":\"EntryPoint\",\"urlTemplate\":\"https:\/\/www.atscontainers.com\/fr\/?s={search_term_string}\"},\"query-input\":{\"@type\":\"PropertyValueSpecification\",\"valueRequired\":true,\"valueName\":\"search_term_string\"}}],\"inLanguage\":\"fr-CA\"},{\"@type\":\"Organization\",\"@id\":\"https:\/\/www.atscontainers.com\/fr\/#organization\",\"name\":\"ATS Containers\",\"url\":\"https:\/\/www.atscontainers.com\/fr\/\",\"logo\":{\"@type\":\"ImageObject\",\"inLanguage\":\"fr-CA\",\"@id\":\"https:\/\/www.atscontainers.com\/fr\/#\/schema\/logo\/image\/\",\"url\":\"https:\/\/www.atscontainers.com\/wp-content\/uploads\/2018\/09\/ats-containers-canada_.png\",\"contentUrl\":\"https:\/\/www.atscontainers.com\/wp-content\/uploads\/2018\/09\/ats-containers-canada_.png\",\"width\":500,\"height\":500,\"caption\":\"ATS Containers\"},\"image\":{\"@id\":\"https:\/\/www.atscontainers.com\/fr\/#\/schema\/logo\/image\/\"},\"sameAs\":[\"https:\/\/www.facebook.com\/atscontainers\/\",\"https:\/\/x.com\/atscontainers\",\"https:\/\/www.instagram.com\/atscontainers\/\",\"https:\/\/www.linkedin.com\/company\/ats-container-services\/\"]}]}<\/script>\n<!-- \/ Yoast SEO plugin. -->","yoast_head_json":{"title":"Ventilation pour Conteneur Maritime - Event Insta | ATS Conteneurs","description":"R\u00e9duisez la chaleur, l\u2019humidit\u00e9 et la condensation \u00e0 l\u2019int\u00e9rieur de vos conteneurs maritimes gr\u00e2ce \u00e0 nos \u00e9vents de ventilation con\u00e7us pour les environnements exigeants.","robots":{"index":"index","follow":"follow","max-snippet":"max-snippet:-1","max-image-preview":"max-image-preview:large","max-video-preview":"max-video-preview:-1"},"canonical":"https:\/\/www.atscontainers.com\/fr\/produits\/accessoires\/ventilation-conteneur-maritime\/","og_locale":"fr_CA","og_type":"article","og_title":"Ventilation pour Conteneur Maritime - Event Insta | ATS Conteneurs","og_description":"R\u00e9duisez la chaleur, l\u2019humidit\u00e9 et la condensation \u00e0 l\u2019int\u00e9rieur de vos conteneurs maritimes gr\u00e2ce \u00e0 nos \u00e9vents de ventilation con\u00e7us pour les environnements exigeants.","og_url":"https:\/\/www.atscontainers.com\/fr\/produits\/accessoires\/ventilation-conteneur-maritime\/","og_site_name":"ATS Containers","article_publisher":"https:\/\/www.facebook.com\/atscontainers\/","article_modified_time":"2026-03-30T15:42:24+00:00","og_image":[{"width":768,"height":514,"url":"https:\/\/www.atscontainers.com\/wp-content\/uploads\/2018\/05\/Ventilation-2.jpeg","type":"image\/jpeg"}],"twitter_card":"summary_large_image","twitter_site":"@atscontainers","twitter_misc":{"Estimation du temps de lecture":"1 minute"},"schema":{"@context":"https:\/\/schema.org","@graph":[{"@type":"WebPage","@id":"https:\/\/www.atscontainers.com\/fr\/produits\/accessoires\/ventilation-conteneur-maritime\/","url":"https:\/\/www.atscontainers.com\/fr\/produits\/accessoires\/ventilation-conteneur-maritime\/","name":"Ventilation pour Conteneur Maritime - Event Insta | ATS Conteneurs","isPartOf":{"@id":"https:\/\/www.atscontainers.com\/fr\/#website"},"primaryImageOfPage":{"@id":"https:\/\/www.atscontainers.com\/fr\/produits\/accessoires\/ventilation-conteneur-maritime\/#primaryimage"},"image":{"@id":"https:\/\/www.atscontainers.com\/fr\/produits\/accessoires\/ventilation-conteneur-maritime\/#primaryimage"},"thumbnailUrl":"https:\/\/www.atscontainers.com\/wp-content\/uploads\/2018\/05\/Ventilation-2.jpeg","datePublished":"2018-05-28T12:19:03+00:00","dateModified":"2026-03-30T15:42:24+00:00","description":"R\u00e9duisez la chaleur, l\u2019humidit\u00e9 et la condensation \u00e0 l\u2019int\u00e9rieur de vos conteneurs maritimes gr\u00e2ce \u00e0 nos \u00e9vents de ventilation con\u00e7us pour les environnements exigeants.","breadcrumb":{"@id":"https:\/\/www.atscontainers.com\/fr\/produits\/accessoires\/ventilation-conteneur-maritime\/#breadcrumb"},"inLanguage":"fr-CA","potentialAction":[{"@type":"ReadAction","target":["https:\/\/www.atscontainers.com\/fr\/produits\/accessoires\/ventilation-conteneur-maritime\/"]}]},{"@type":"ImageObject","inLanguage":"fr-CA","@id":"https:\/\/www.atscontainers.com\/fr\/produits\/accessoires\/ventilation-conteneur-maritime\/#primaryimage","url":"https:\/\/www.atscontainers.com\/wp-content\/uploads\/2018\/05\/Ventilation-2.jpeg","contentUrl":"https:\/\/www.atscontainers.com\/wp-content\/uploads\/2018\/05\/Ventilation-2.jpeg","width":768,"height":514},{"@type":"BreadcrumbList","@id":"https:\/\/www.atscontainers.com\/fr\/produits\/accessoires\/ventilation-conteneur-maritime\/#breadcrumb","itemListElement":[{"@type":"ListItem","position":1,"name":"Home","item":"https:\/\/www.atscontainers.com\/fr\/"},{"@type":"ListItem","position":2,"name":"Conteneurs \u00e0 Vendre","item":"https:\/\/www.atscontainers.com\/fr\/produits\/"},{"@type":"ListItem","position":3,"name":"Accessoires","item":"https:\/\/www.atscontainers.com\/fr\/produits\/accessoires\/"},{"@type":"ListItem","position":4,"name":"Ventilation"}]},{"@type":"WebSite","@id":"https:\/\/www.atscontainers.com\/fr\/#website","url":"https:\/\/www.atscontainers.com\/fr\/","name":"ATS Containers","description":"","publisher":{"@id":"https:\/\/www.atscontainers.com\/fr\/#organization"},"potentialAction":[{"@type":"SearchAction","target":{"@type":"EntryPoint","urlTemplate":"https:\/\/www.atscontainers.com\/fr\/?s={search_term_string}"},"query-input":{"@type":"PropertyValueSpecification","valueRequired":true,"valueName":"search_term_string"}}],"inLanguage":"fr-CA"},{"@type":"Organization","@id":"https:\/\/www.atscontainers.com\/fr\/#organization","name":"ATS Containers","url":"https:\/\/www.atscontainers.com\/fr\/","logo":{"@type":"ImageObject","inLanguage":"fr-CA","@id":"https:\/\/www.atscontainers.com\/fr\/#\/schema\/logo\/image\/","url":"https:\/\/www.atscontainers.com\/wp-content\/uploads\/2018\/09\/ats-containers-canada_.png","contentUrl":"https:\/\/www.atscontainers.com\/wp-content\/uploads\/2018\/09\/ats-containers-canada_.png","width":500,"height":500,"caption":"ATS Containers"},"image":{"@id":"https:\/\/www.atscontainers.com\/fr\/#\/schema\/logo\/image\/"},"sameAs":["https:\/\/www.facebook.com\/atscontainers\/","https:\/\/x.com\/atscontainers","https:\/\/www.instagram.com\/atscontainers\/","https:\/\/www.linkedin.com\/company\/ats-container-services\/"]}]}},"_links":{"self":[{"href":"https:\/\/www.atscontainers.com\/fr\/wp-json\/wp\/v2\/pages\/7920","targetHints":{"allow":["GET"]}}],"collection":[{"href":"https:\/\/www.atscontainers.com\/fr\/wp-json\/wp\/v2\/pages"}],"about":[{"href":"https:\/\/www.atscontainers.com\/fr\/wp-json\/wp\/v2\/types\/page"}],"author":[{"embeddable":true,"href":"https:\/\/www.atscontainers.com\/fr\/wp-json\/wp\/v2\/users\/13"}],"replies":[{"embeddable":true,"href":"https:\/\/www.atscontainers.com\/fr\/wp-json\/wp\/v2\/comments?post=7920"}],"version-history":[{"count":6,"href":"https:\/\/www.atscontainers.com\/fr\/wp-json\/wp\/v2\/pages\/7920\/revisions"}],"predecessor-version":[{"id":13446,"href":"https:\/\/www.atscontainers.com\/fr\/wp-json\/wp\/v2\/pages\/7920\/revisions\/13446"}],"up":[{"embeddable":true,"href":"https:\/\/www.atscontainers.com\/fr\/wp-json\/wp\/v2\/pages\/7613"}],"wp:featuredmedia":[{"embeddable":true,"href":"https:\/\/www.atscontainers.com\/fr\/wp-json\/wp\/v2\/media\/5454"}],"wp:attachment":[{"href":"https:\/\/www.atscontainers.com\/fr\/wp-json\/wp\/v2\/media?parent=7920"}],"curies":[{"name":"wp","href":"https:\/\/api.w.org\/{rel}","templated":true}]}}

<p>Les évents du conteneur sont utilisés pour augmenter le flux d’air à l’intérieur, ce qui peut réduire la chaleur, l’humidité et la condensation potentielle. Les évents Insta peuvent être installés sur toutes les tailles de conteneurs.</p>

<!-- This site is optimized with the Yoast SEO plugin v26.9 - https://yoast.com/product/yoast-seo-wordpress/ -->
<title>Ventilation pour Conteneur Maritime - Event Insta | ATS Conteneurs</title>
<meta name="description" content="Réduisez la chaleur, l’humidité et la condensation à l’intérieur de vos conteneurs maritimes grâce à nos évents de ventilation conçus pour les environnements exigeants." />
<meta name="robots" content="index, follow, max-snippet:-1, max-image-preview:large, max-video-preview:-1" />
<link rel="canonical" href="https://www.atscontainers.com/fr/produits/accessoires/ventilation-conteneur-maritime/" />
<meta property="og:locale" content="fr_CA" />
<meta property="og:type" content="article" />
<meta property="og:title" content="Ventilation pour Conteneur Maritime - Event Insta | ATS Conteneurs" />
<meta property="og:description" content="Réduisez la chaleur, l’humidité et la condensation à l’intérieur de vos conteneurs maritimes grâce à nos évents de ventilation conçus pour les environnements exigeants." />
<meta property="og:url" content="https://www.atscontainers.com/fr/produits/accessoires/ventilation-conteneur-maritime/" />
<meta property="og:site_name" content="ATS Containers" />
<meta property="article:publisher" content="https://www.facebook.com/atscontainers/" />
<meta property="article:modified_time" content="2026-03-30T15:42:24+00:00" />
<meta property="og:image" content="https://www.atscontainers.com/wp-content/uploads/2018/05/Ventilation-2.jpeg" />
	<meta property="og:image:width" content="768" />
	<meta property="og:image:height" content="514" />
	<meta property="og:image:type" content="image/jpeg" />
<meta name="twitter:card" content="summary_large_image" />
<meta name="twitter:site" content="@atscontainers" />
<meta name="twitter:label1" content="Estimation du temps de lecture" />
	<meta name="twitter:data1" content="1 minute" />
<script type="application/ld+json" class="yoast-schema-graph">{"@context":"https://schema.org","@graph":[{"@type":"WebPage","@id":"https://www.atscontainers.com/fr/produits/accessoires/ventilation-conteneur-maritime/","url":"https://www.atscontainers.com/fr/produits/accessoires/ventilation-conteneur-maritime/","name":"Ventilation pour Conteneur Maritime - Event Insta | ATS Conteneurs","isPartOf":{"@id":"https://www.atscontainers.com/fr/#website"},"primaryImageOfPage":{"@id":"https://www.atscontainers.com/fr/produits/accessoires/ventilation-conteneur-maritime/#primaryimage"},"image":{"@id":"https://www.atscontainers.com/fr/produits/accessoires/ventilation-conteneur-maritime/#primaryimage"},"thumbnailUrl":"https://www.atscontainers.com/wp-content/uploads/2018/05/Ventilation-2.jpeg","datePublished":"2018-05-28T12:19:03+00:00","dateModified":"2026-03-30T15:42:24+00:00","description":"Réduisez la chaleur, l’humidité et la condensation à l’intérieur de vos conteneurs maritimes grâce à nos évents de ventilation conçus pour les environnements exigeants.","breadcrumb":{"@id":"https://www.atscontainers.com/fr/produits/accessoires/ventilation-conteneur-maritime/#breadcrumb"},"inLanguage":"fr-CA","potentialAction":[{"@type":"ReadAction","target":["https://www.atscontainers.com/fr/produits/accessoires/ventilation-conteneur-maritime/"]}]},{"@type":"ImageObject","inLanguage":"fr-CA","@id":"https://www.atscontainers.com/fr/produits/accessoires/ventilation-conteneur-maritime/#primaryimage","url":"https://www.atscontainers.com/wp-content/uploads/2018/05/Ventilation-2.jpeg","contentUrl":"https://www.atscontainers.com/wp-content/uploads/2018/05/Ventilation-2.jpeg","width":768,"height":514},{"@type":"BreadcrumbList","@id":"https://www.atscontainers.com/fr/produits/accessoires/ventilation-conteneur-maritime/#breadcrumb","itemListElement":[{"@type":"ListItem","position":1,"name":"Home","item":"https://www.atscontainers.com/fr/"},{"@type":"ListItem","position":2,"name":"Conteneurs à Vendre","item":"https://www.atscontainers.com/fr/produits/"},{"@type":"ListItem","position":3,"name":"Accessoires","item":"https://www.atscontainers.com/fr/produits/accessoires/"},{"@type":"ListItem","position":4,"name":"Ventilation"}]},{"@type":"WebSite","@id":"https://www.atscontainers.com/fr/#website","url":"https://www.atscontainers.com/fr/","name":"ATS Containers","description":"","publisher":{"@id":"https://www.atscontainers.com/fr/#organization"},"potentialAction":[{"@type":"SearchAction","target":{"@type":"EntryPoint","urlTemplate":"https://www.atscontainers.com/fr/?s={search_term_string}"},"query-input":{"@type":"PropertyValueSpecification","valueRequired":true,"valueName":"search_term_string"}}],"inLanguage":"fr-CA"},{"@type":"Organization","@id":"https://www.atscontainers.com/fr/#organization","name":"ATS Containers","url":"https://www.atscontainers.com/fr/","logo":{"@type":"ImageObject","inLanguage":"fr-CA","@id":"https://www.atscontainers.com/fr/#/schema/logo/image/","url":"https://www.atscontainers.com/wp-content/uploads/2018/09/ats-containers-canada_.png","contentUrl":"https://www.atscontainers.com/wp-content/uploads/2018/09/ats-containers-canada_.png","width":500,"height":500,"caption":"ATS Containers"},"image":{"@id":"https://www.atscontainers.com/fr/#/schema/logo/image/"},"sameAs":["https://www.facebook.com/atscontainers/","https://x.com/atscontainers","https://www.instagram.com/atscontainers/","https://www.linkedin.com/company/ats-container-services/"]}]}</script>
<!-- / Yoast SEO plugin. -->

Réduisez la chaleur, l’humidité et la condensation à l’intérieur de vos conteneurs maritimes grâce à nos évents de ventilation conçus pour les environnements exigeants.

Conteneurs à Vendre
